{"id":411,"date":"2017-02-22T15:28:58","date_gmt":"2017-02-22T15:28:58","guid":{"rendered":"http:\/\/demo.milotheme.com\/eco\/?page_id=411"},"modified":"2024-11-27T09:35:42","modified_gmt":"2024-11-27T09:35:42","slug":"altri-progetti","status":"publish","type":"page","link":"https:\/\/testing.fadora.it\/aeris\/index.php\/altri-progetti\/","title":{"rendered":"Altri progetti"},"content":{"rendered":"<div class=\"wpb-content-wrapper\"><p>[vc_row][vc_column][vc_custom_heading text=&#8221;Progetto 1: Liforest&#8221; font_container=&#8221;tag:h1|text_align:center&#8221; use_theme_fonts=&#8221;yes&#8221; css=&#8221;&#8221; heading_style=&#8221;style_1&#8243;][vc_column_text css=&#8221;.vc_custom_1732700023092{padding-right: 15% !important;padding-left: 15% !important;}&#8221;]<\/p>\n<div>\n<p style=\"text-align: center;\">Composto da cristalli idrati contenenti molecole d\u2019acqua, questi cristalli si rompono secondo una programmata curva a differenti temperature. Tutti i componenti sono ecologici e assolutamente non tossici per l\u2019uomo, gli animali e l\u2019ambiente.<\/p>\n<\/div>\n<p>[\/vc_column_text][\/vc_column][\/vc_row][vc_row][vc_column width=&#8221;1\/4&#8243;][vc_column_text css=&#8221;&#8221;]<\/p>\n<p style=\"text-align: center;\">COME AGISCE? Catalisi negativa: rallenta il processo di combustione fino alla completa estinzione del combustibile(erba secca, paglia, foglie secche, alberi, ecc.).RAFFREDDAMENTO: riduce la temperatura del combustibile sotto il punto di infiammabilit\u00e0. Infatti, la superficie del combustibile non risulta mai completamente asciutta, poich\u00e9 alcuni componenti della soluzione \u201cLiforest\u201d sono molto igroscopici e, una volta depositati sulla superficie del combustibile, asciugano molto lentamente.<\/p>\n<p>[\/vc_column_text][\/vc_column][vc_column width=&#8221;1\/2&#8243;][vc_single_image image=&#8221;1296&#8243; img_size=&#8221;full&#8221; alignment=&#8221;center&#8221; style=&#8221;vc_box_circle&#8221; css=&#8221;&#8221;][\/vc_column][vc_column width=&#8221;1\/4&#8243;][vc_column_text css=&#8221;&#8221;]<\/p>\n<div>\n<p style=\"text-align: center;\">SEPARAZIONE: il combustibile (alberi, erba, ecc.) trattato con Liforest, dopo l\u2019evaporazione dell\u2019acqua, viene ricoperto da piccoli cristalli idrati contenenti acqua. Tutto ci\u00f2 rende il combustibile praticamente ignifugo. DILUIZIONE: riduce buona parte del comburente. Infatti, la soluzione a contatto con il fuoco avvia un processo di trasformazione che, liberando anidride carbonica e azoto, contrasta la combustione e impedisce la propagazione dell\u2019incendio.<\/p>\n<\/div>\n<p>[\/vc_column_text][\/vc_column][\/vc_row][vc_row css=&#8221;.vc_custom_1732531220840{padding-top: 5% !important;padding-right: 15% !important;padding-left: 15% !important;}&#8221;][vc_column][vc_custom_heading text=&#8221;Progetto 2: Mattoni realizzati con materiali vegetali e di scarto&#8221; font_container=&#8221;tag:h1|text_align:center&#8221; use_theme_fonts=&#8221;yes&#8221; css=&#8221;&#8221; heading_style=&#8221;style_1&#8243;][vc_column_text css=&#8221;&#8221;]<\/p>\n<p style=\"text-align: center;\">I mattoni realizzati con materiali vegetali di scarto rappresentano un\u2019innovazione ecologica nel settore delle costruzioni. Utilizzando scarti agricoli come paglia, cippato, alghe, gusci di noci e fibre esotiche, questi mattoni vengono creati attraverso un processo di compattazione che impiega leganti naturali come argille crude, calce idraulica e biopolimeri. Il risultato \u00e8 un prodotto con eccellenti propriet\u00e0 di isolamento termico e acustico, ininfiammabile e privo di emissioni nocive. Inoltre, questi mattoni offrono un\u2019opzione a basso costo, ideale per la produzione in aree svantaggiate, contribuendo a un\u2019edilizia pi\u00f9 sostenibile e accessibile a livello globale.<\/p>\n<p>[\/vc_column_text][\/vc_column][\/vc_row][vc_row css=&#8221;.vc_custom_1732531227209{padding-top: 5% !important;padding-right: 15% !important;padding-left: 15% !important;}&#8221;][vc_column][vc_custom_heading text=&#8221;Progetto 3: Phisiomagnesium&#8221; font_container=&#8221;tag:h1|text_align:center&#8221; use_theme_fonts=&#8221;yes&#8221; css=&#8221;&#8221; heading_style=&#8221;style_1&#8243;][vc_column_text css=&#8221;&#8221;]<\/p>\n<p style=\"text-align: center;\">Phisiomagnesium \u00e8 un integratore di magnesio di alta qualit\u00e0, formulato per supportare il benessere fisico e mentale. Essenziale per numerose funzioni corporee, il magnesio aiuta a ridurre la stanchezza, favorisce il normale funzionamento muscolare e contribuisce al mantenimento di ossa sane. Phisiomagnesium \u00e8 progettato per integrarsi facilmente nella tua routine quotidiana, offrendo un supporto naturale per affrontare le sfide di ogni giorno con energia e vitalit\u00e0. Scegli Phisiomagnesium per un equilibrio ottimale e una vita pi\u00f9 attiva.<\/p>\n<p>[\/vc_column_text][\/vc_column][\/vc_row][vc_row css=&#8221;.vc_custom_1732531227209{padding-top: 5% !important;padding-right: 15% !important;padding-left: 15% !important;}&#8221;][vc_column][vc_custom_heading text=&#8221;Progetto 4: Inertizzazione dell&#8217;amianto&#8221; font_container=&#8221;tag:h1|text_align:center&#8221; use_theme_fonts=&#8221;yes&#8221; css=&#8221;&#8221; heading_style=&#8221;style_1&#8243;][vc_column_text css=&#8221;&#8221;]<\/p>\n<p style=\"text-align: center;\">Il processo di inertizzazione dell&#8217;amianto rappresenta un metodo ecologico e innovativo per eliminare le fibre asbestose nei manufatti in cemento-amianto. Questo processo brevettato \u00e8 sostenibile, privo di emissioni e scarti, e competitivo dal punto di vista economico, contribuendo a un ambiente pi\u00f9 pulito e sicuro. Il nostro impegno per la sostenibilit\u00e0 si riflette in questa soluzione, che dimostra il nostro approccio responsabile verso la sicurezza ambientale e la gestione ecologica dei rifiuti. Con queste innovazioni, ci impegniamo a rispettare il pianeta, un prodotto alla volta.<\/p>\n<p>[\/vc_column_text][\/vc_column][\/vc_row]<\/p>\n<\/div>","protected":false},"excerpt":{"rendered":"<p>[vc_row][vc_column][vc_custom_heading text=&#8221;Progetto 1: Liforest&#8221; font_container=&#8221;tag:h1|text_align:center&#8221; use_theme_fonts=&#8221;yes&#8221; css=&#8221;&#8221; heading_style=&#8221;style_1&#8243;][vc_column_text css=&#8221;.vc_custom_1732700023092{padding-right: 15% !important;padding-left: 15% !important;}&#8221;] Composto da cristalli idrati contenenti molecole d\u2019acqua, questi cristalli si rompono secondo una programmata curva a differenti temperature. Tutti i componenti sono ecologici e assolutamente non tossici per l\u2019uomo, gli animali e l\u2019ambiente. [\/vc_column_text][\/vc_column][\/vc_row][vc_row][vc_column width=&#8221;1\/4&#8243;][vc_column_text css=&#8221;&#8221;] COME AGISCE? Catalisi negativa: rallenta il [&hellip;]<\/p>\n","protected":false},"author":1,"featured_media":0,"parent":0,"menu_order":0,"comment_status":"closed","ping_status":"closed","template":"","meta":{"footnotes":""},"class_list":["post-411","page","type-page","status-publish","hentry","clearfix"],"_links":{"self":[{"href":"https:\/\/testing.fadora.it\/aeris\/index.php\/wp-json\/wp\/v2\/pages\/411","targetHints":{"allow":["GET"]}}],"collection":[{"href":"https:\/\/testing.fadora.it\/aeris\/index.php\/wp-json\/wp\/v2\/pages"}],"about":[{"href":"https:\/\/testing.fadora.it\/aeris\/index.php\/wp-json\/wp\/v2\/types\/page"}],"author":[{"embeddable":true,"href":"https:\/\/testing.fadora.it\/aeris\/index.php\/wp-json\/wp\/v2\/users\/1"}],"replies":[{"embeddable":true,"href":"https:\/\/testing.fadora.it\/aeris\/index.php\/wp-json\/wp\/v2\/comments?post=411"}],"version-history":[{"count":13,"href":"https:\/\/testing.fadora.it\/aeris\/index.php\/wp-json\/wp\/v2\/pages\/411\/revisions"}],"predecessor-version":[{"id":1473,"href":"https:\/\/testing.fadora.it\/aeris\/index.php\/wp-json\/wp\/v2\/pages\/411\/revisions\/1473"}],"wp:attachment":[{"href":"https:\/\/testing.fadora.it\/aeris\/index.php\/wp-json\/wp\/v2\/media?parent=411"}],"curies":[{"name":"wp","href":"https:\/\/api.w.org\/{rel}","templated":true}]}}